s digit of z?
0
Let q(k) = 4*k**3 + 2*k**2 - k. Let w be q(1). Suppose -z + w*s - 38 = 0, 4*z + s + 224 = -3*s. Let b = 95 + z. What is the units digit of b?
2
Suppose -19 = 4*t - h, -4*t - 12 = 3*h + 11. What is the tens digit of (-1458)/t + 14/35?
9
Let g = 394 - 160. What is the hundreds digit of g?
2
Let y(i) = 12*i + 5 + 0 + 10*i**2 + 0*i - 3. Let p(r) = -r**2 - r. Let o(s) = 18*p(s) + 2*y(s). What is the tens digit of o(-6)?
4
What is the hundreds digit of 51 + 3089 + (1 - -9)?
1
Suppose -134 = -n - x, -5*n + 498 = 4*x - 167. Suppose 0 = -4*z - r - 90 + 595, -z - 3*r = -n. What is the units digit of z?
6
Suppose -a - 38 = -3*a - 4*z, -3*z = -3*a + 30. Let r = -11 + a. What is the tens digit of 3 + 0 - (-70)/r?
3
Suppose 0 = -0*c + 3*c + 2*n - 1250, 4*n + 1700 = 4*c. What is the hundreds digit of c?
4
Suppose l = -5*q - 9, 2*q + 3 = 4*l - 5. Let c(f) = -3*f**3 + 2*f**2 + 2 + 0 + f**3. What is the units digit of c(q)?
6
Let i = -783 + 1174. What is the tens digit of i?
9
Suppose -3*n + 5 = k, -2*k - 3*k - 5*n = 25. Let z(f) = -4*f**3 + 3 + 3*f**3 + 3 - 10*f**2. What is the units digit of z(k)?
6
Let o be 4/3*(-6)/(-4). Suppose -5*m = p - 3*p + 237, o*m = -3*p + 346. What is the tens digit of p?
1
Let h be 4/(-26) + 216/52 - 1. Suppose -2*g = -18 - 4. Suppose -m = k - 3*m - 26, k + h*m = g. What is the tens digit of k?
2
Let h(u) = 21*u - 5. Let w be h(1). Let x(a) be the first derivative of -a**3/3 + 10*a**2 - 18*a + 1. What is the units digit of x(w)?
6
Let c(m) = 2*m**3 - 5*m**2 - 11*m - 6. Let w be c(8). Suppose -6*x = -x - w. What is the units digit of x?
2
What is the units digit of (202230/(-420))/(2/(-20))?
5
Let h be -4 + 5 - (1 - 0). Suppose 20 = 5*i, 0 = -h*u - u + 5*i - 15. Suppose -u*p + 27 = -8. What is the units digit of p?
7
Suppose -3*k + 146 = -2*k. What is the units digit of k?
6
Suppose 2*f - 8578 = -4*n, -5*n = 5*f - 9798 - 937. What is the hundreds digit of n?
1
Let u(q) = 7*q**3 - q**2 - 8*q + 21. What is the hundreds digit of u(4)?
4
Suppose 4*j + c - 1190 = j, -4*c - 1195 = -3*j. What is the hundreds digit of j?
3
Suppose 4*j = 3*k + 8, j = -j + 4. Suppose k = -8*m + 7*m. Suppose -5*y + 180 = -m*y. What is the tens digit of y?
3
Let c(f) = -11*f + 17. Let s be c(-5). Suppose u = 132 + s. What is the units digit of u?
4
Let o = 543 + 117. What is the units digit of o?
0
Suppose -11*c = -78 - 21. Let b(l) = -36*l. Let h be b(-1). What is the tens digit of 727/c + h/162?
8
Let d(l) = 2*l**3 - 7*l**2 - 7*l + 1. Let b be d(6). Suppose -3*v = 6*n - 2*n - 114, -5*n - 2*v = -b. What is the tens digit of n?
2
Let h be 5 - 0*2/8. Suppose -459 = -h*w - 4*w. What is the units digit of w?
1
Let b(a) be the third derivative of -a**6/120 - a**5/20 + a**4/6 + 2*a**2. Let g be b(-4). Suppose 4 = 4*x - g. What is the units digit of x?
1
Suppose -579 = -5*g + 2*m - m, g + 4*m - 99 = 0. Let h be ((-12)/2)/(9/(-6)). Suppose k = -h*k + g. What is the tens digit of k?
2
Suppose 3*x + 3 = -12. Let g(w) be the second derivative of w**4/6 + w**3 - 3*w**2 - w. What is the tens digit of g(x)?
1
Let r = -63 + 76. What is the units digit of (-12 - -4)/((-1)/r)?
4
Let j = -11 - -6. Let x(k) = 3*k + 10*k**3 - 15*k**3 - 3 - 3*k**2 + 4*k**3. What is the tens digit of x(j)?
3
Let q = -301 - -1644. What is the hundreds digit of q?
3
Let p(m) = 18*m**3 + 2*m**2 + 5*m - 6. Let z(g) = -18*g**3 - 2*g**2 - 4*g + 5. Let d(h) = 4*p(h) + 5*z(h). What is the hundreds digit of d(-2)?
1
Suppose 514 = 5*b + 4. Let t be ((-4)/5 + 0)*500/8. Let l = b + t. What is the tens digit of l?
5
Suppose 0 = -4*h - 2*l + 14522, -4*h - 5*l + 3462 = -11051. What is the hundreds digit of h?
6
Let g(c) = -14*c + 13. Let q(a) = -29*a + 27. Let v(l) = 7*g(l) - 3*q(l). What is the tens digit of v(-3)?
4
Let g(a) = -a**2 + 36*a - 44. What is the units digit of g(31)?
1
Let d(a) = -103*a + 312. What is the tens digit of d(-12)?
4
Let j = -71 + 165. Let w = j + -63. What is the tens digit of w?
3
Let o(v) = v**2 - 3*v - 6. Let b be o(5). Suppose -x = b*x - 440. Suppose x = 5*m + 3. What is the tens digit of m?
1
What is the tens digit of -5 - 286/(-55) - (-5848)/10?
8
Suppose 13*f - 2236 = -13*f. What is the tens digit of f?
8
Suppose 2*c - 85 = -2*c - 5*l, 4*c - 112 = 4*l. What is the units digit of c?
5
Suppose -5*s + 2*j = -492 - 851, -2*j - 1074 = -4*s. What is the tens digit of s?
6
Let r be (-4)/22 - 144/(-66). Suppose r*t - 15 = t. Let q = t + -10. What is the units digit of q?
5
Let z = 543 - 206. What is the units digit of z?
7
Suppose 13 = 5*h - 7. What is the units digit of (-1)/(h/(-83*4))?
3
Suppose -5*l = 4*s - s - 57, -29 = -2*l + 5*s. Suppose 250 = l*n - 10*n. What is the tens digit of n?
2
Suppose -8*o = -8920 - 12256. What is the units digit of o?
7
Let u be 80/12 + -7 - 4/6. What is the tens digit of ((-2)/(-4))/(u/22)*-9?
9
Let l(w) = w**3 + 5*w**2 - 4*w + 4. Suppose 4*y = -0*g + 3*g + 1, -y = 3*g + 26. Let f = -12 - g. What is the tens digit of l(f)?
2
Let l = -16 - -14. Let p be 0/(2/(0 + l)). Suppose 4*d + 5*j - 57 = p, 1 = 5*d - 4*j - 19. What is the units digit of d?
8
Let o(k) = k**2 - 3*k + 1. Let j be o(2). What is the tens digit of (j/2)/((-6)/216)?
1
Let v(t) be the third derivative of -t**5/60 - t**4/8 + 5*t**3/6 - 4*t**2. Let m be v(-4). Suppose 4*x + m = 9. What is the units digit of x?
2
Suppose 2*f + 526 - 3140 = -4*t, -5*t - f = -3266. What is the tens digit of t?
5
Let r = 16 + -13. Suppose -3*q = 5*y - 478 + 2, -r*y - 3*q = -282. What is the units digit of y?
7
Suppose 0 = 51*g - 44*g - 16492. What is the units digit of g?
6
Suppose -4*l + 78 = 2*q, 17 - 113 = -5*l - q. Suppose -l*d + 14*d = -320. What is the tens digit of d?
6
Suppose 2*q + 8 = 0, 0 = -b - 2*q + 5*q + 83. What is the tens digit of -19 + 19 + b + 0?
7
Let p = 62 + -160. Let c = p + 143. What is the tens digit of c?
4
Let z = 49 + -45. Let t(d) = d**2 + 2*d + 1. Let y be t(2). Suppose -g + 6 + y = h, -z*h - g = -48. What is the tens digit of h?
1
Let v = 0 - -7. Let k = 19 - v. Let p = k + -6. What is the units digit of p?
6
Let w(i) = i + 32. Let l = 48 + -48. What is the tens digit of w(l)?
3
Let a be (16*-1 - 0) + 2. Let v(f) = f**2 + 15*f + 7. Let k be v(a). Let g = k + 35. What is the units digit of g?
8
Let r(a) = -a**2 + 6*a + 6. Let p be r(6). Suppose 293 = 3*b - 5*u, -3*u + p*u - 439 = -4*b. What is the units digit of b?
6
Suppose -2*j + 452 + 3708 = 0. What is the tens digit of j?
8
Suppose -6009 + 942 = -3*a. What is the units digit of a?
9
Suppose -25*o - 8074 = -36*o. What is the units digit of o?
4
Let b(o) be the third derivative of o**5/60 + o**4/3 + 19*o**3/6 - 23*o**2. What is the units digit of b(-8)?
9
What is the tens digit of 3*11272/120 - 1/(-5)?
8
Let f(a) = 102*a - 1. Let b(q) = -2*q**2 + 17*q + 31. Let c be b(10). What is the units digit of f(c)?
1
Let k = 43 - 44. What is the tens digit of (k - 3 - -38) + -3?
3
Suppose 22 = -v + 5*q - 6, -31 = 2*v - 5*q. Let w be (-3 - -1) + 4 - v. Suppose 4*k - w = -4*f - 1, f = 4*k - 14. What is the units digit of k?
3
Suppose 25*k - 36*k = -10318. What is the tens digit of k?
3
Let t(u) = 70*u + 70*u - 143*u. What is the tens digit of t(-11)?
3
Let o(h) = h - 9. Let c be o(3). What is the units digit of 3*(-1 - 128/c)?
1
Suppose 3*o - 106 - 21 = 5*b, -4*b = -5*o + 190. What is the tens digit of o?
3
Suppose 12 = -l + 4*l. Let q = 4 - l. Suppose t + 5 - 17 = q. What is the units digit of t?
2
Let f = 19 + -9. Let k = 13 - f. Suppose -4*d + k + 13 = 0. What is the units digit of d?
4
Suppose -914 = -6*b + 1096. What is the units digit of b?
5
Suppose 0 = 27*k - 36*k + 4392. What is the tens digit of k?
8
Suppose 2*o + 0*o = -g - 8, 19 = -3*o - 5*g. Let z = 36 + -9. Let a = o + z. What is the units digit of a?
4
Let z = 41 - 38. What is the units digit of -20*z*7/(-6)?
0
Suppose 0*l = -4*l. Let v be (-18)/6 + 5 - (1 + 5). What is the units digit of (-19)/(l - (-4)/v)?
9
Suppose -32*z + 31*z = 127. Let g = z + 180. What is the tens digit of g?
5
Let n = -202 + 200. Let p(y) be the third derivative of 3*y**5/10 + y**4/24 - y**3/3 + y**2. What is the units digit of p(n)?
8
Suppose 0 = -z - 4*s - 2, 17*z - 12*z + 2*s + 46 = 0. Suppose 3*y = 2*g + 3*g + 75, -17 = g - y. Let d = z - g. What is the units digit of d?
2
Let m 